?
442
What is the remainder when 24353 is divided by 624?
17
What is the remainder when 22550 is divided by 259?
17
Calculate the remainder when 3476 is divided by 3435.
41
What is the remainder when 9613 is divided by 403?
344
Calculate the remainder when 7862 is divided by 69.
65
What is the remainder when 76828 is divided by 57?
49
Calculate the remainder when 56077 is divided by 4671.
25
Calculate the remainder when 30918 is divided by 30911.
7
Calculate the remainder when 401193 is divided by 67.
64
Calculate the remainder when 6898 is divided by 76.
58
What is the remainder when 78688 is divided by 15726?
58
Calculate the remainder when 248877 is divided by 120.
117
Calculate the remainder when 1460 is divided by 25.
10
Calculate the remainder when 22564 is divided by 117.
100
What is the remainder when 275763 is divided by 21?
12
What is the remainder when 2827 is divided by 281?
17
Calculate the remainder when 2690 is divided by 160.
130
What is the remainder when 19736 is divided by 40?
16
Calculate the remainder when 292053 is divided by 12.
9
What is the remainder when 36283 is divided by 97?
5
Calculate the remainder when 369608 is divided by 15.
8
Calculate the remainder when 8573 is divided by 189.
68
Calculate the remainder when 6958 is divided by 261.
172
What is the remainder when 3703 is divided by 27?
4
Calculate the remainder when 13531 is divided by 1127.
7
Calculate the remainder when 11249423 is divided by 12.
11
What is the remainder when 594 is divided by 484?
110
Calculate the remainder when 41378 is divided by 418.
414
What is the remainder when 576839 is divided by 437?
436
Calculate the remainder when 133599 is divided by 88.
15
What is the remainder when 3078 is divided by 764?
22
What is the remainder when 4442 is divided by 497?
466
Calculate the remainder when 2281417 is divided by 39.
34
Calculate the remainder when 4805 is divided by 112.
101
What is the remainder when 6830 is divided by 150?
80
Calculate the remainder when 24972 is divided by 470.
62
Calculate the remainder when 273100 is divided by 28.
16
What is the remainder when 7528 is divided by 17?
14
Calculate the remainder when 49215 is divided by 2342.
33
What is the remainder when 877653 is divided by 1285?
1283
Calculate the remainder when 23308 is divided by 1543.
163
Calculate the remainder when 129542 is divided by 369.
23
What is the remainder when 23492 is divided by 1659?
266
What is the remainder when 456 is divided by 234?
222
What is the remainder when 36905 is divided by 446?
333
What is the remainder when 4235 is divided by 758?
445
What is the remainder when 261423 is divided by 838?
805
Calculate the remainder when 390277 is divided by 440.
437
What is the remainder when 9450 is divided by 87?
54
Calculate the remainder when 276322 is divided by 21253.
33
What is the remainder when 32184 is divided by 157?
156
What is the remainder when 218453 is divided by 1162?
1159
Calculate the remainder when 2461 is divided by 88.
85
What is the remainder when 12209 is divided by 2059?
1914
Calculate the remainder when 6346247 is divided by 50.
47
What is the remainder when 2922 is divided by 1449?
24
Calculate the remainder when 9511 is divided by 2675.
1486
What is the remainder when 1217 is divided by 22?
7
Calculate the remainder when 4798 is divided by 25.
23
Calculate the remainder when 1604 is divided by 1572.
32
Calculate the remainder when 9402 is divided by 26.
16
What is the remainder when 2029 is divided by 553?
370
Calculate the remainder when 111993 is divided by 183.
180
Calculate the remainder when 1528 is divided by 62.
40
Calculate the remainder when 4585 is divided by 27.
22
What is the remainder when 146805 is divided by 22?
21
Calculate the remainder when 11753 is divided by 18.
17
What is the remainder when 165222 is divided by 55?
2
What is the remainder when 15979 is divided by 20?
19
What is the remainder when 7012 is divided by 534?
70
What is the remainder when 6798 is divided by 104?
38
Calculate the remainder when 89478 is divided by 852.
18
Calculate the remainder when 949921 is divided by 111.
94
What is the remainder when 6290698 is divided by 1300?
1298
What is the remainder when 6101 is divided by 43?
38
What is the remainder when 33452 is divided by 135?
107
What is the remainder when 16884 is divided by 652?
584
What is the remainder when 3947 is divided by 282?
281
What is the remainder when 5024 is divided by 1252?
16
Calculate the remainder when 5848 is divided by 416.
24
Calculate the remainder when 5008 is divided by 1665.
13
Calculate the remainder when 2798 is divided by 406.
362
Calculate the remainder when 4631 is divided by 397.
264
Calculate the remainder when 119906 is divided by 869.
853
Calculate the remainder when 23435 is divided by 1560.
35
Calculate the remainder when 4296 is divided by 1382.
150
Calculate the remainder when 4843 is divided by 5.
3
Calculate the remainder when 3410807 is divided by 130.
127
What is the remainder when 13352 is divided by 156?
92
What is the remainder when 9538 is divided by 9408?
130
Calculate the remainder when 9314 is divided by 714.
32
What is the remainder when 478635 is divided by 707?
703
Calculate the remainder when 7551 is divided by 3684.
183
Calculate the remainder when 53817 is divided by 46.
43
Calculate the remainder when 4825 is divided by 1.
0
What is the remainder when 1866 is divided by 308?
18
Calculate the remainder when 76181 is divided by 34.
21
Calculate the remainder when 15205 is divided by 188.
165
What is the remainder when 1435661 is divided by 423?
422
What is the remainder when 147205 is divided by 1363?
1
Calculate the remainder when 2984 is divided by 126.
86
What is the remainder when 16684 is divided by 117?
70
What is the remainder when 3876 is divided by 1038?
762
Calculate the remainder when 1542 is divided by 194.
184
Calculate the remainder when 39233 is divided by 68.
65
What is the remainder when 10387 is divided by 54?
19
What is the remainder when 522803 is divided by 26138?
43
Calculate the remainder when 18235 is divided by 71.
59
What is the remainder when 7878 is divided by 423?
264
What is the remainder when 1602963 is divided by 1897?
1895
Calculate the remainder when 1519336 is divided by 21.
7
What is the remainder when 58491 is divided by 141?
117
What is the remainder when 282 is divided by 157?
125
Calculate the remainder when 129824 is divided by 152.
16
Calculate the remainder when 4842 is divided by 241.
22
What is the remainder when 10213 is divided by 3365?
118
What is the remainder when 16935 is divided by 11?
6
What is the remainder when 13370 is divided by 1500?
1370
Calculate the remainder when 317487 is divided by 16.
15
Calculate the remainder when 4276 is divided by 711.
10
What is the remainder when 37253 is divided by 6159?
299
What is the remainder when 11658 is divided by 2908?
26
Calculate the remainder when 633 is divided by 65.
48
What is the remainder when 39203 is divided by 11?
10
What is the remainder when 92221 is divided by 67?
29
Calculate the remainder when 486310 is divided by 881.
879
What is the remainder when 1154 is divided by 82?
6
Calculate the remainder when 23776 is divided by 205.
201
Calculate the remainder when 3909 is divided by 23.
22
Calculate the remainder when 936 is divided by 264.
144
Calculate the remainder when 31280 is divided by 191.
147
Calculate the remainder when 83179 is divided by 3616.
11
Calculate the remainder when 14899 is divided by 138.
133
Calculate the remainder when 29546 is divided by 1135.
36
Calculate the remainder when 7391 is divided by 22.
21
What is the remainder when 61631 is divided by 61624?
7
Calculate the remainder when 1692785 is divided by 1399.
1394
What is the remainder when 103022 is divided by 52?
10
Calculate the remainder when 10959 is divided by 10923.
36
Calculate the remainder when 390192 is divided by 21.
12
What is the remainder when 37952 is divided by 33?
2
Calculate the remainder when 222472 is divided by 824.
816
Calculate the remainder when 46673 is divided by 5833.
9
What is the remainder when 490847 is divided by 3229?
39
What is the remainder when 3001 is divided by 111?
4
What is the remainder when 4209 is 